{"id":3534,"date":"2021-01-10T21:47:28","date_gmt":"2021-01-10T20:47:28","guid":{"rendered":"http:\/\/coeursdisposes.org\/?page_id=3534"},"modified":"2024-12-26T11:40:44","modified_gmt":"2024-12-26T10:40:44","slug":"parrainage-enfant-2","status":"publish","type":"page","link":"https:\/\/coeursdisposes.org\/index.php\/parrainage-enfant-2\/","title":{"rendered":"Parrainage enfant en Ha\u00efti"},"content":{"rendered":"\t\t<div data-elementor-type=\"wp-page\" data-elementor-id=\"3534\" class=\"elementor elementor-3534\">\n\t\t\t\t\t\t<section class=\"elementor-section elementor-top-section elementor-element elementor-element-0fdc473 elementor-section-boxed elementor-section-height-default elementor-section-height-default\" data-id=\"0fdc473\" data-element_type=\"section\" data-e-type=\"section\">\n\t\t\t\t\t\t<div class=\"elementor-container elementor-column-gap-default\">\n\t\t\t\t\t<div class=\"elementor-column elementor-col-100 elementor-top-column elementor-element elementor-element-eae5349\" data-id=\"eae5349\" data-element_type=\"column\" data-e-type=\"column\">\n\t\t\t<div class=\"elementor-widget-wrap elementor-element-populated\">\n\t\t\t\t\t\t<div class=\"elementor-element elementor-element-fc9ed43 elementor-widget elementor-widget-heading\" data-id=\"fc9ed43\" data-element_type=\"widget\" data-e-type=\"widget\" data-widget_type=\"heading.default\">\n\t\t\t\t\t<h2 class=\"elementor-heading-title elementor-size-default\">Qu'est-ce que le soutien enfant ?<\/h2>\t\t\t\t<\/div>\n\t\t\t\t<div class=\"elementor-element elementor-element-8e3e63a elementor-widget elementor-widget-spacer\" data-id=\"8e3e63a\" data-element_type=\"widget\" data-e-type=\"widget\" data-widget_type=\"spacer.default\">\n\t\t\t\t\t\t\t<div class=\"elementor-spacer\">\n\t\t\t<div class=\"elementor-spacer-inner\"><\/div>\n\t\t<\/div>\n\t\t\t\t\t\t<\/div>\n\t\t\t\t\t<\/div>\n\t\t<\/div>\n\t\t\t\t\t<\/div>\n\t\t<\/section>\n\t\t\t\t<section class=\"elementor-section elementor-top-section elementor-element elementor-element-0056e97 elementor-section-boxed elementor-section-height-default elementor-section-height-default\" data-id=\"0056e97\" data-element_type=\"section\" data-e-type=\"section\">\n\t\t\t\t\t\t<div class=\"elementor-container elementor-column-gap-default\">\n\t\t\t\t\t<div class=\"elementor-column elementor-col-100 elementor-top-column elementor-element elementor-element-b99b6ea\" data-id=\"b99b6ea\" data-element_type=\"column\" data-e-type=\"column\">\n\t\t\t<div class=\"elementor-widget-wrap elementor-element-populated\">\n\t\t\t\t\t\t<div class=\"elementor-element elementor-element-05fe117 elementor-widget elementor-widget-text-editor\" data-id=\"05fe117\" data-element_type=\"widget\" data-e-type=\"widget\" data-widget_type=\"text-editor.default\">\n\t\t\t\t\t\t\t\t\t<p style=\"font-size: 19px;\"><span style=\"color: #000000;\">Quelque soit la situation de l&rsquo;enfant (orphelin, \u00e0 la rue ou abandonn\u00e9), il doit avoir une vie stable dans un environnement sain et s\u00fbr. Certains pays sont malheureusement confront\u00e9s \u00e0 une extr\u00eame pauvret\u00e9, ce qui contraint certains parents \u00e0 ne plus prendre soin de leurs enfants. Le parrainage est donc une aide concr\u00e8te sur le long terme qui contribue \u00e0 l&rsquo;\u00e9panouissement d&rsquo;un enfant.<\/span><\/p>\n<p><font color=\"#000000\"><span style=\"caret-color: rgb(0, 0, 0); font-size: 19px;\">soutien<\/span><span style=\"font-size: 19px;\">Votre parrainage permet \u00e0 l&rsquo;association C\u0153urs Dispos\u00e9s de travailler avec des interlocuteurs locaux, sur diff\u00e9rents projets autour du d\u00e9veloppement de l&rsquo;enfant (\u00e9ducation, logement etc.)<\/span><\/font><\/p>\n<p style=\"font-size: 19px;\"><span style=\"color: #000000;\">Votre contribution financi\u00e8re et spirituelle ne permet pas seulement de subvenir \u00e0 des besoins, mais apporte au(x) filleul(s) un v\u00e9ritable \u00e9lan \u00e0 sa vie.&nbsp;<\/span><\/p>\n<p style=\"font-size: 19px;\"><span style=\"color: #000000;\">Nous travaillons en collaboration avec vous, car sans votre contribution nous ne pourrions pas venir en aide aux enfants qui en ont besoin sur le long terme.<\/span><\/p>\t\t\t\t\t\t\t\t<\/div>\n\t\t\t\t\t<\/div>\n\t\t<\/div>\n\t\t\t\t\t<\/div>\n\t\t<\/section>\n\t\t\t\t<section class=\"elementor-section elementor-top-section elementor-element elementor-element-67ebc0f elementor-section-boxed elementor-section-height-default elementor-section-height-default\" data-id=\"67ebc0f\" data-element_type=\"section\" data-e-type=\"section\">\n\t\t\t\t\t\t<div class=\"elementor-container elementor-column-gap-default\">\n\t\t\t\t\t<div class=\"elementor-column elementor-col-100 elementor-top-column elementor-element elementor-element-4c4a7bb\" data-id=\"4c4a7bb\" data-element_type=\"column\" data-e-type=\"column\">\n\t\t\t<div class=\"elementor-widget-wrap elementor-element-populated\">\n\t\t\t\t\t\t<div class=\"elementor-element elementor-element-538bfaa elementor-align-center elementor-widget elementor-widget-button\" data-id=\"538bfaa\" data-element_type=\"widget\" data-e-type=\"widget\" data-widget_type=\"button.default\">\n\t\t\t\t\t\t\t\t\t\t<a class=\"elementor-button elementor-button-link elementor-size-sm\" href=\"https:\/\/tally.so\/r\/wApeQz\">\n\t\t\t\t\t\t<span class=\"elementor-button-content-wrapper\">\n\t\t\t\t\t\t\t\t\t<span class=\"elementor-button-text\">PARRAINER UN ENFANT<\/span>\n\t\t\t\t\t<\/span>\n\t\t\t\t\t<\/a>\n\t\t\t\t\t\t\t\t<\/div>\n\t\t\t\t\t<\/div>\n\t\t<\/div>\n\t\t\t\t\t<\/div>\n\t\t<\/section>\n\t\t\t\t<section class=\"elementor-section elementor-top-section elementor-element elementor-element-417992e elementor-section-boxed elementor-section-height-default elementor-section-height-default\" data-id=\"417992e\" data-element_type=\"section\" data-e-type=\"section\">\n\t\t\t\t\t\t<div class=\"elementor-container elementor-column-gap-default\">\n\t\t\t\t\t<div class=\"elementor-column elementor-col-100 elementor-top-column elementor-element elementor-element-d3b1ce2\" data-id=\"d3b1ce2\" data-element_type=\"column\" data-e-type=\"column\">\n\t\t\t<div class=\"elementor-widget-wrap elementor-element-populated\">\n\t\t\t\t\t\t<div class=\"elementor-element elementor-element-6d29c5d elementor-widget elementor-widget-text-editor\" data-id=\"6d29c5d\" data-element_type=\"widget\" data-e-type=\"widget\" data-widget_type=\"text-editor.default\">\n\t\t\t\t\t\t\t\t\t<h2><b>Parrainage enfant<\/b><\/h2><h4><b>\u00a0<\/b><\/h4><h6><b>Pourquoi parrainer un enfant ?<\/b><\/h6><p>En Ha\u00efti, la pauvret\u00e9 associ\u00e9e aux d\u00e9fis environnementaux, sociaux, \u00e9conomiques, demeurent les facteurs cl\u00e9s des d\u00e9fis centr\u00e9s sur le droit des enfants. Le nombre d\u2019enfants souffrant de malnutrition aigu\u00eb est en augmentation avec 134 000 enfants en 2019 contre 167 000 en 2020, soit un enfant sur 4 souffre de malnutrition chronique, et 2 sur 4 souffrent d\u2019an\u00e9mie (UNICEF 2020).<\/p><p>En 2021, on estime que 67 000 enfants ha\u00eftiens \u00e2g\u00e9s de moins de 5 ans souffrent de malnutrition s\u00e9v\u00e8re. L\u2019aggravation de ces probl\u00e8mes emp\u00eachent les enfants ha\u00eftiens de concr\u00e9tiser leurs droits humains fondamentaux. Les privant d\u2019un acc\u00e8s satisfaisant \u00e0 la sant\u00e9 et \u00e0 l\u2019assainissement, augmentant ainsi le risque de trafic d\u2019enfants, de violences sexuelles et sexistes, et les poussant vers des formes de travail infantiles, in\u00e9gales et dangereuses. C\u2019est pourquoi, en leur apportant une aide financi\u00e8re, nous luttons contre la pauvret\u00e9 <strong><i>Questions r\u00e9currentes sur le parrainage (FAQ) <\/i><\/strong>et ainsi par la m\u00eame occasion, contre toutes les probl\u00e9matiques y d\u00e9coulant.<\/p><h6><b>Le parrainage est-il r\u00e9ellement efficace pour changer la vie d\u2019un enfant ?<\/b><\/h6><p>Oui. Le parrainage permet de r\u00e9pondre aux besoins \u00e9l\u00e9mentaires des enfants. Il leur permet d\u2019\u00eatre soign\u00e9s, nourris et v\u00eatus.<\/p><p>\u00a0<\/p><h6><b>Comment les enfants sont-ils choisis ?<\/b><\/h6><p>Les enfants nous sont soumis au travers de r\u00e9f\u00e9rents, qui vivent sur place, dans le pays. Les enfants ne sont pas n\u00e9cessairement orphelins.<\/p><p>\u00a0<\/p><h6><b>Puis-je choisir l\u2019enfant que je souhaite parrainer ?<\/b><\/h6><p>Pour le moment, il n\u2019est pas possible de choisir l\u2019enfant que l\u2019on souhaite parrainer.\u00a0 Un enfant vous sera donc attribu\u00e9 par nos soins et selon les besoins.\u00a0<\/p><p>\u00a0<\/p><h6><b>Comment se d\u00e9roule le parrainage ? Une fois mon formulaire envoy\u00e9, que se passe-t-il ?\u00a0<\/b><\/h6><ol><li aria-level=\"1\">R\u00e9ception du formulaire d\u00fbment compl\u00e9t\u00e9 par le futur parrain\u00a0<\/li><li aria-level=\"1\">Un jumelage\/ attribution sera effectu\u00e9 avec l\u2019un des enfants parmi notre liste\u00a0<\/li><li aria-level=\"1\">Envoi d\u2019une lettre de pr\u00e9sentation de l\u2019enfant au parrain et confirmation par celui-ci de la date du virement (le 5 ou 10 du mois).<\/li><\/ol><h6>\u00a0<\/h6><h6><b>Mon\/ma filleul(e) peut-\u00eatre parrain\u00e9 par d\u2019autres et dans quel cas ?<\/b><\/h6><p>Oui, le co\u00fbt de vie en Ha\u00efti n\u00e9cessite que l\u2019enfant soit soutenu au minimum par deux parrains. Dans le cadre d\u2019un besoin particulier, l\u2019enfant peut parfois avoir d\u2019autres parrains pour r\u00e9pondre aux frais suppl\u00e9mentaires. Dans ce cas, vous serez d\u2019abord sollicit\u00e9 pour savoir si vous souhaitez soutenir ce nouveau besoin. Sinon, l\u2019enfant que vous parrainez sera \u00e9galement int\u00e9gr\u00e9 au parrainage projet.\u00a0<\/p><h6><b>Comment serais-je inform\u00e9 de l\u2019utilisation de mon don ?<\/b><\/h6><p>Tout d\u2019abord suite \u00e0 votre engagement, vous recevrez une lettre de pr\u00e9sentation sur l\u2019enfant que vous parrainer. Par la suite, nous vous tiendrons r\u00e9guli\u00e8rement inform\u00e9 de l\u2019\u00e9volution de ce(tte) dernier(e). Et quand cela sera possible, nous vous enverrons par courriels des petits mots et dessins de la part de l\u2019enfant \u00e0 votre attention.\u00a0<\/p><h6><b>Comment contacter mon\/ma filleul(e) ? A quelle fr\u00e9quence ? Dans quelle langue ?<\/b><\/h6><p>Les services postaux n\u2019\u00e9tant pas fiables, vous pouvez \u00e9crire \u00e0 votre filleul (e), en fran\u00e7ais ou en anglais par courriel en pr\u00e9cisant votre identit\u00e9. Pensez \u00e0 nos traducteurs sur le terrain : ne d\u00e9passez pas une page manuscrite ou tap\u00e9e \u00e0 la machine. Les enfants encourag\u00e9s \u00e0 vous r\u00e9pondre par audio ou par \u00e9crit lors de nos missions \u00e9ventuelles.<\/p><h6>\u00a0<\/h6><h6><b>Combien de temps dure le parrainage ? Quelle est la limite de mon engagement ?<\/b><\/h6><p>Tout d\u2019abord, sachez que le parrainage concerne les enfants mineurs. C\u2019est un engagement qui peut-\u00eatre \u00e0 long terme. L\u2019objectif id\u00e9al demeure que votre filleul soit capable de subvenir \u00e0 ses besoins lorsqu\u2019il quittera le programme de parrainage jusqu\u2019\u00e0 18 ans.Toutefois,vous \u00eates libre d\u2019interrompre votre parrainage \u00e0 tout moment, sur simple courriel de votre part.\u00a0<\/p><p>Il peut aussi arriver que la situation de l\u2019enfant change et qu\u2019il quitte le programme. Vous serez\u00a0 alors avis\u00e9 par courriel (avec accus\u00e9 de r\u00e9ception).<\/p><p>Attention : Nous tenons \u00e0 vous pr\u00e9ciser que le parrainage n\u2019est pas une forme d\u2019adoption \u00e0 distance. Il faut donc veiller \u00e0 garder une relation saine qui ne d\u00e9passe pas le cadre d\u2019une affection amicale et d\u2019un soutien spirituel efficace. L\u2019enfant reste sous la responsabilit\u00e9 de sa famille.<\/p><h6>\u00a0<\/h6><h6><b>Comment verser mes mensualit\u00e9s de parrainage ? Vais-je recevoir un re\u00e7u fiscal ?<\/b><\/h6><p>Le virement automatique est la seule option bancaire disponible \u00e0 privil\u00e9gier. Pour tout autre moyen, veuillez nous contacter.\u00a0<\/p><p>Vous recevrez votre re\u00e7u fiscal annuel.<\/p>\t\t\t\t\t\t\t\t<\/div>\n\t\t\t\t\t<\/div>\n\t\t<\/div>\n\t\t\t\t\t<\/div>\n\t\t<\/section>\n\t\t\t\t<section class=\"elementor-section elementor-top-section elementor-element elementor-element-74f7207 elementor-section-boxed elementor-section-height-default elementor-section-height-default\" data-id=\"74f7207\" data-element_type=\"section\" data-e-type=\"section\">\n\t\t\t\t\t\t<div class=\"elementor-container elementor-column-gap-default\">\n\t\t\t\t\t<div class=\"elementor-column elementor-col-100 elementor-top-column elementor-element elementor-element-003a925\" data-id=\"003a925\" data-element_type=\"column\" data-e-type=\"column\">\n\t\t\t<div class=\"elementor-widget-wrap elementor-element-populated\">\n\t\t\t\t\t\t<div class=\"elementor-element elementor-element-cef4eeb elementor-align-center elementor-widget elementor-widget-button\" data-id=\"cef4eeb\" data-element_type=\"widget\" data-e-type=\"widget\" data-widget_type=\"button.default\">\n\t\t\t\t\t\t\t\t\t\t<a class=\"elementor-button elementor-button-link elementor-size-sm\" href=\"https:\/\/tally.so\/r\/wApeQz\">\n\t\t\t\t\t\t<span class=\"elementor-button-content-wrapper\">\n\t\t\t\t\t\t\t\t\t<span class=\"elementor-button-text\">PARRAINER UN ENFANT <\/span>\n\t\t\t\t\t<\/span>\n\t\t\t\t\t<\/a>\n\t\t\t\t\t\t\t\t<\/div>\n\t\t\t\t\t<\/div>\n\t\t<\/div>\n\t\t\t\t\t<\/div>\n\t\t<\/section>\n\t\t\t\t<section class=\"elementor-section elementor-top-section elementor-element elementor-element-f83abc2 elementor-section-boxed elementor-section-height-default elementor-section-height-default\" data-id=\"f83abc2\" data-element_type=\"section\" data-e-type=\"section\">\n\t\t\t\t\t\t<div class=\"elementor-container elementor-column-gap-default\">\n\t\t\t\t\t<div class=\"elementor-column elementor-col-100 elementor-top-column elementor-element elementor-element-f3fb5de\" data-id=\"f3fb5de\" data-element_type=\"column\" data-e-type=\"column\">\n\t\t\t<div class=\"elementor-widget-wrap elementor-element-populated\">\n\t\t\t\t\t\t<div class=\"elementor-element elementor-element-1b8f9e3 elementor-widget-divider--view-line elementor-widget elementor-widget-divider\" data-id=\"1b8f9e3\" data-element_type=\"widget\" data-e-type=\"widget\" data-widget_type=\"divider.default\">\n\t\t\t\t\t\t\t<div class=\"elementor-divider\">\n\t\t\t<span class=\"elementor-divider-separator\">\n\t\t\t\t\t\t<\/span>\n\t\t<\/div>\n\t\t\t\t\t\t<\/div>\n\t\t\t\t\t<\/div>\n\t\t<\/div>\n\t\t\t\t\t<\/div>\n\t\t<\/section>\n\t\t\t\t<\/div>\n\t\t","protected":false},"excerpt":{"rendered":"<div class=\"tmnf_excerpt\"><p>Qu&rsquo;est-ce que le soutien enfant<\/p>\n<\/div>","protected":false},"author":1,"featured_media":7102,"parent":0,"menu_order":0,"comment_status":"closed","ping_status":"closed","template":"homepage-hero-cover_alt.php","meta":{"give_campaign_id":0,"_bbp_topic_count":0,"_bbp_reply_count":0,"_bbp_total_topic_count":0,"_bbp_total_reply_count":0,"_bbp_voice_count":0,"_bbp_anonymous_reply_count":0,"_bbp_topic_count_hidden":0,"_bbp_reply_count_hidden":0,"_bbp_forum_subforum_count":0,"_monsterinsights_skip_tracking":false,"_monsterinsights_sitenote_active":false,"_monsterinsights_sitenote_note":"","_monsterinsights_sitenote_category":0,"kk_blocks_editor_width":"","_kiokenblocks_attr":"","_kiokenblocks_dimensions":"","footnotes":""},"class_list":["post-3534","page","type-page","status-publish","has-post-thumbnail","hentry"],"aioseo_notices":[],"campaignId":"","_links":{"self":[{"href":"https:\/\/coeursdisposes.org\/index.php\/wp-json\/wp\/v2\/pages\/3534","targetHints":{"allow":["GET"]}}],"collection":[{"href":"https:\/\/coeursdisposes.org\/index.php\/wp-json\/wp\/v2\/pages"}],"about":[{"href":"https:\/\/coeursdisposes.org\/index.php\/wp-json\/wp\/v2\/types\/page"}],"author":[{"embeddable":true,"href":"https:\/\/coeursdisposes.org\/index.php\/wp-json\/wp\/v2\/users\/1"}],"replies":[{"embeddable":true,"href":"https:\/\/coeursdisposes.org\/index.php\/wp-json\/wp\/v2\/comments?post=3534"}],"version-history":[{"count":52,"href":"https:\/\/coeursdisposes.org\/index.php\/wp-json\/wp\/v2\/pages\/3534\/revisions"}],"predecessor-version":[{"id":7104,"href":"https:\/\/coeursdisposes.org\/index.php\/wp-json\/wp\/v2\/pages\/3534\/revisions\/7104"}],"wp:featuredmedia":[{"embeddable":true,"href":"https:\/\/coeursdisposes.org\/index.php\/wp-json\/wp\/v2\/media\/7102"}],"wp:attachment":[{"href":"https:\/\/coeursdisposes.org\/index.php\/wp-json\/wp\/v2\/media?parent=3534"}],"curies":[{"name":"wp","href":"https:\/\/api.w.org\/{rel}","templated":true}]}}